 the thousands digit of 128891?
8
What is the units digit of 578324?
4
What is the units digit of 7839371?
1
What is the tens digit of 58025?
2
What is the units digit of 443668?
8
What is the hundreds digit of 33072?
0
What is the hundreds digit of 195484?
4
What is the ten thousands digit of 4290754?
9
What is the units digit of 407794?
4
What is the units digit of 90157?
7
What is the hundred thousands digit of 138855?
1
What is the hundred thousands digit of 192969?
1
What is the ten thousands digit of 4248823?
4
What is the hundreds digit of 349157?
1
What is the ten thousands digit of 4403323?
0
What is the hundreds digit of 146981?
9
What is the thousands digit of 837865?
7
What is the hundred thousands digit of 967880?
9
What is the hundred thousands digit of 684621?
6
What is the hundreds digit of 325574?
5
What is the hundred thousands digit of 15467971?
4
What is the ten millions digit of 22417624?
2
What is the ten thousands digit of 10450463?
5
What is the hundreds digit of 5912036?
0
What is the units digit of 189717?
7
What is the hundreds digit of 4445480?
4
What is the ten thousands digit of 10787000?
8
What is the hundreds digit of 2174773?
7
What is the hundred thousands digit of 114857?
1
What is the ten thousands digit of 4284473?
8
What is the thousands digit of 592196?
2
What is the hundreds digit of 59054?
0
What is the millions digit of 1764819?
1
What is the thousands digit of 2389508?
9
What is the units digit of 156030?
0
What is the units digit of 141365?
5
What is the units digit of 235370?
0
What is the hundreds digit of 1028646?
6
What is the hundreds digit of 524999?
9
What is the hundred thousands digit of 339531?
3
What is the hundred thousands digit of 868303?
8
What is the hundred thousands digit of 243557?
2
What is the ten thousands digit of 60353?
6
What is the tens digit of 938973?
7
What is the thousands digit of 2907873?
7
What is the ten thousands digit of 1226693?
2
What is the units digit of 409883?
3
What is the hundreds digit of 1006881?
8
What is the hundreds digit of 62718?
7
What is the thousands digit of 338183?
8
What is the ten thousands digit of 1278878?
7
What is the thousands digit of 1666687?
6
What is the tens digit of 217960?
6
What is the ten thousands digit of 9418461?
1
What is the units digit of 632017?
7
What is the hundred thousands digit of 8764740?
7
What is the hundred thousands digit of 769451?
7
What is the thousands digit of 93467?
3
What is the thousands digit of 1641964?
1
What is the thousands digit of 13788226?
8
What is the hundred thousands digit of 230533?
2
What is the ten thousands digit of 325540?
2
What is the units digit of 4789889?
9
What is the thousands digit of 811732?
1
What is the units digit of 9175?
5
What is the tens digit of 120151?
5
What is the hundreds digit of 52803?
8
What is the ten thousands digit of 347169?
4
What is the ten millions digit of 12356400?
1
What is the tens digit of 1917601?
0
What is the millions digit of 12259963?
2
What is the thousands digit of 1646553?
6
What is the units digit of 26620859?
9
What is the hundreds digit of 7239743?
7
What is the thousands digit of 49674?
9
What is the hundreds digit of 3586269?
2
What is the units digit of 1086684?
4
What is the tens digit of 72283?
8
What is the units digit of 5351670?
0
What is the ten thousands digit of 103206?
0
What is the ten thousands digit of 59440?
5
What is the units digit of 943397?
7
What is the hundreds digit of 202832?
8
What is the ten thousands digit of 7296541?
9
What is the millions digit of 12514789?
2
What is the hundred thousands digit of 15267410?
2
What is the hundred thousands digit of 556846?
5
What is the tens digit of 1555381?
8
What is the hundreds digit of 146462?
4
What is the hundred thousands digit of 177359?
1
What is the hundred thousands digit of 2038877?
0
What is the tens digit of 25510027?
2
What is the units digit of 13876476?
6
What is the tens digit of 34194?
9
What is the hundreds digit of 492674?
6
What is the thousands digit of 8244599?
4
What is the hundred thousands digit of 17175582?
1
What is the hundreds digit of 508349?
3
What is the ten thousands digit of 136765?
3
What is the ten thousands digit of 350349?
5
What is the ten millions digit of 11330548?
1
What is the thousands digit of 3477293?
7
What is the hundreds digit of 7474626?
6
What is the hundreds digit of 1761453?
4
What is the thousands digit of 997174?
7
What is the ten thousands digit of 11574?
1
What is the ten thousands digit of 27176?
2
What is the thousands digit of 52259?
2
What is the hundred thousands digit of 1270501?
2
What is the hundreds digit of 92453?
4
What is the tens digit of 1581562?
6
What is the units digit of 94787?
7
What is the hundreds digit of 3068652?
6
What is the tens digit of 2781229?
2
What is the units digit of 2707566?
6
What is the hundreds digit of 69333?
3
What is the ten thousands digit of 182477?
8
What is the millions digit of 9840323?
9
What is the thousands digit of 6383237?
3
What is the ten thousands digit of 12365217?
6
What is the tens digit of 8543953?
5
What is the hundreds digit of 652930?
9
What is the millions digit of 26273618?
6
What is the hundreds digit of 189885?
8
What is the hundreds digit of 177081?
0
What is the thousands digit of 56963?
6
What is the ten thousands digit of 1409107?
0
What is the ten thousands digit of 501345?
0
What is the hundred thousands digit of 616089?
6
What is the tens digit of 3881508?
0
What is the millions digit of 10460188?
0
What is the thousands digit of 1419587?
9
What is the hundred thousands digit of 3032458?
0
What is the hundred thousands digit of 553740?
5
What is the units digit of 75153?
3
What is the units digit of 1840227?
7
What is the ten thousands digit of 538560?
3
What is the tens digit of 80679?
7
What is the ten thousands digit of 648978?
4
What is the ten thousands digit of 16441393?
4
What is the thousands digit of 77140?
7
What is the units digit of 508382?
2
What is the hundred thousands digit of 1425814?
4
What is the ten thousands digit of 252677?
5
What is the units digit of 411794?
4
What is the hundred thousands digit of 610418?
6
What is the tens digit of 969410?
1
What is the thousands digit of 108035?
8
What is the ten thousands digit of 10274392?
7
What is the ten thousands digit of 639421?
3
What is the units digit of 2485154?
4
What is the hundred thousands digit of 607237?
6
What is the thousands digit of 10426140?
6
What is the hundreds digit of 2130949?
9
What is the hundred thousands digit of 2205622?
2
What is the hundreds digit of 1510077?
0
What is the units digit of 1069245?
5
What is the ten thousands digit of 5282778?
8
What is the millions digit of 4852757?
4
What is the thousands digit of 3228959?
8
What is the ten thousands digit of 135798?
3
What is the hundreds digit of 410547?
5
What is the millions digit of 11227560?
1
What is the hundreds digit of 276447?
4
What is the tens digit of 433034?
3
What is the hundreds digit of 2450114?
1
What is the hundreds digit of 1632720?
7
What is the ten thousands digit of 12919615?
1
What is the units digit of 813211?
1
What is the thousands digit of 2630011?
0
What is the thousands digit of 4730703?
0
What is the units digit of 8548834?
4
What is the thousands digit of 563693?
3
What is the hundreds digit of 9101865?
8
What is the tens digit of 79348?
4
What is the hundred thousands digit of 2470380?
4
What is the hundreds digit of 139989?
9
What is the thousands digit of 85803?
5
What is the units digit of 279199?
9
What is the hundreds digit of 222980?
9
What is the ten thousands digit of 1328309?
2
What is the units digit of 7691146?
6
What is the thousands digit of 7139733?
9
What is the units digit of 601089?
9
What is the units digit of 3060433?
3
What is the ten thousands digit of 70554?
7
What is the ten thousands digit of 12380761?
8
What is the tens digit of 2348170?
7
What is the thousands digit of 1257342?
7
What is the tens digit of 153658?
5
What is the thousands digit of 25282746?
2
What is the units digit of 404798?
8
What is the hundreds digit of 350927?
9
What is the tens digit of 284969?
6
What is the thousands digit of 477186?
7
What is the hundred thousands digit of